5
Suppose 3*a + 4 = -a, 5 = -5*n - 5*a. Suppose -r + 6*r - 5 = n. Let k = r + 8. Calculate the remainder when 33 is divided by k.
6
Suppose -7*t + 37 = -985. What is the remainder when t is divided by 87?
59
Calculate the remainder when 44 is divided by ((-14)/5)/(7/(-35)).
2
Let k be (-2 - 1) + (5 - 0/(-3)). Suppose -k*b = -57 + 1. What is the remainder when 193 is divided by b?
25
Let u = -47 + 105. Let n be 12/9*(-9)/(-6). Calculate the remainder when u is divided by (12 - (n - 2)) + 3.
13
Let s(o) = -o + 1. Let z be s(5). What is the remainder when 105 is divided by -1 + 40 + (z - -1) + 0?
33
Let m = -8 - -16. Calculate the remainder when 19 is divided by (m/12)/((-4)/(-42)).
5
What is the remainder when 141 is divided by (-1 - (7 - 5))/(1/(-16))?
45
Let r(w) be the first derivative of -2*w**2 - 20*w + 9. What is the remainder when 14 is divided by r(-6)?
2
Suppose 3*u - 817 = -781. Let o = 46 + 11. Calculate the remainder when o is divided by u.
9
Calculate the remainder when 7/7 - -7*9 is divided by 8.
0
Suppose -5*n - 4*b + 22 = 0, 4*b - 16 = n - 3*n. Suppose -z + 3*z + 114 = 3*l, 2*z = -n*l + 66. Calculate the remainder when 71 is divided by l.
35
Let a(l) = -20*l + 133. Calculate the remainder when a(5) is divided by 15.
3
Suppose -29 + 78 = 3*p - 4*c, -p + 27 = 4*c. Calculate the remainder when p is divided by 7.
5
Suppose -4*q = 3*o - 35, -3*q + o + 21 = -2*o. Suppose -v + 7 + q = 0. What is the remainder when 259/9 - (-2)/9 is divided by v?
14
Let h(s) = 5*s**2 + s - 2. Let w(p) = -2*p - 5. Let d be w(-4). Let a be h(d). Suppose a = m - 4. Calculate the remainder when m is divided by 17.
16
Let m = 1966 + -1907. Let c = 21 - 5. What is the remainder when m is divided by c?
11
Let o be 33/(1 - (-2)/1). Suppose 7*y = o*y - 100. Calculate the remainder when 147 is divided by y.
22
Suppose 0*q = -2*d - 3*q - 3, 0 = -d + 2*q - 5. Let r = d - -9. Calculate the remainder when 8 is divided by r.
2
Let j = -27 - -58. Suppose 0 = 2*y - 123 - 103. Suppose -3*p + 174 = 3*t, 3*t - t + 3*p - y = 0. Calculate the remainder when t is divided by j.
30
Let q(g) = -8*g - 1. Calculate the remainder when q(-21) is divided by 46.
29
Suppose 3*x = x + 188. Let k(a) = -8*a + 32. Calculate the remainder when x is divided by k(1).
22
Calculate the remainder when 74 is divided by ((-10)/(-4) + -4 + 1)*-50.
24
Let g(r) = 6*r - 32. Let q be g(6). Calculate the remainder when q - 3 - (1*-2 - 154) is divided by 32.
29
Suppose -3*v + 19 = -38. Calculate the remainder when 113 is divided by v.
18
Calculate the remainder when 1 + 265 + 21*2/(-6) is divided by 52.
51
Let h(u) = 10*u + 11. Calculate the remainder when (1 - -4) + -2*1 is divided by h(-1).
0
Let u = -113 + 121. Suppose -v + 450 = u*v. Calculate the remainder when v is divided by 20.
10
Suppose -2 = 2*y - 4*d, -5*d + d + 4 = 0. Let p(m) = 15*m**2 - m + 1. Let u(k) = 42*k**3 - k**2 + k. Calculate the remainder when u(1) is divided by p(y).
12
Let h = -200 - -582. What is the remainder when h is divided by 77?
74
Let m(o) = o**3 - o + 5. Let p be (-2)/(26/30 - 1). Let g = -6 + p. What is the remainder when g is divided by m(0)?
4
Suppose -2*a - 4*v + 112 = 0, -6*a + 9*a - 188 = 4*v. What is the remainder when a is divided by 16?
12
Suppose 2*x - 37 - 19 = 0. Let o = x + 41. What is the remainder when o is divided by 35?
34
Let a be (-1 - 28/(-12))*(-3)/(-2). Suppose 5*g + 4*u - 138 = 3*g, 5*g + a*u - 361 = 0. What is the remainder when g is divided by 19?
16
Suppose 0 = -2*t + 6*t - 72. Let u(l) = l**3 + 28*l**2 + 55*l - 12. Let y be u(-26). What is the remainder when (-4)/t + (-2450)/y is divided by 14?
13
Suppose -522 = -11*k + 2*k. Let q(b) = b**2 - b. Let u be q(-5). Suppose -3*r = -4*r + u. Calculate the remainder when k is divided by r.
28
Let o(x) = -x + 1. Let y be o(9). Let j = y - -50. What is the remainder when 123 is divided by j?
39
What is the remainder when 49*(-4)/(-7 + 3) is divided by 102/(-6)*((-2)/1 + 1)?
15
Let u = 275 + -235. What is the remainder when 100 is divided by u?
20
Let t(z) = -5*z**3 + z**2 + 4*z + 7. Calculate the remainder when 109 is divided by t(-2).
23
Suppose -2*s = y - 94, 45*s - 2*y - 188 = 41*s. Calculate the remainder when s is divided by 26.
21
Let u = 235 - 223. Calculate the remainder when 226 is divided by u.
10
What is the remainder when 8 is divided by (-5 + -2)*((-24)/(-21) - 2)?
2
Let k(w) be the third derivative of -w**6/60 - w**5/12 + w**4/6 + w**3/2 + w**2. Let d = -4 + 0. Calculate the remainder when k(d) is divided by 18.
17
Let a = -136 + 191. Suppose -7*f + 162 + a = 0. What is the remainder when 123 is divided by f?
30
Suppose 0 = 5*d - 12 - 3, 3*p - 261 = 2*d. Let l(h) = -h**2 + 7*h - 11. Let k be l(10). Let a = 64 + k. What is the remainder when p is divided by a?
20
Let b = 31 + -30. Let r(k) = -k**2 - 5*k + 8. Suppose 2*n - 3*g = -24, -2*n = 3*g - 5*g + 20. What is the remainder when r(n) is divided by b?
0
Let d = -4 + 10. Suppose -3*f = 5*f - 864. Suppose 28*u - 24*u = f. Calculate the remainder when u is divided by d.
3
Suppose 2*s = 5*s + x + 3, 3*x - 9 = 0. Let u(r) = -52*r - 2. Let l = 762 + -727. Calculate the remainder when u(s) is divided by l.
32
What is the remainder when (1417/26)/((-1)/(-2)) is divided by 39?
31
Suppose -4*j - 11 = -3*k, 13*k - 14*k = j - 6. Let t(w) = 5*w**2 + 4*w - 4. Let g be t(5). Suppose g = 4*o + j. Calculate the remainder when o is divided by 13.
9
Suppose -71*h + 1591 = -1036. What is the remainder when 40 is divided by h?
3
Suppose n - 3*i + 573 = 0, -n - i + 3*i = 570. What is the remainder when 145 is divided by 3/(-5) + n/(-15)?
34
Let n = 26 + 74. Let l = 234 - n. What is the remainder when l is divided by 34?
32
Let s(c) = 29*c + 887. Calculate the remainder when 380 is divided by s(-29).
12
Let k = 1974 - 1869. Let p = 38 + 16. Calculate the remainder when k is divided by p.
51
Let c(b) = b**2 + 2*b - 5. Suppose -1 - 34 = -5*n. Suppose -6 + 531 = n*i. Calculate the remainder when i is divided by c(4).
18
Suppose -3*g + g + 2*b + 8 = 0, -32 = -5*g - b. Calculate the remainder when (-1)/2 + 0 - 1215/(-54) is divided by g.
4
Suppose -94*r = -97*r + 246. Suppose 0 = -4*y + 46 + r. What is the remainder when y is divided by 7?
4
Suppose -13 - 40 = -4*l + x, 0 = -4*l + 4*x + 68. Let i = 3 + l. What is the remainder when 102 is divided by i?
12
Let x(y) be the second derivative of y**3/3 + 23*y**2/2 + 29*y. Calculate the remainder when 55 is divided by x(4).
24
Suppose -8*w + 4514 = 5*t, -4*t = -w - w + 1118. What is the remainder when w is divided by 38?
31
Let l = 814 - 802. What is the remainder when 128 is divided by l?
8
Let l be (1 + 1)*(2 - -1). Let g be 0/(-5)*(-3)/l. Suppose g = -5*n - 2*h + 175, -2*n + 5*h = -14 - 27. Calculate the remainder when n is divided by 12.
9
Suppose 5*j + 275 = 4*p, p = 62*j - 66*j + 95. Calculate the remainder when 971 is divided by p.
71
Let j(q) = q**3 - 10*q**2 + 7*q - 14. Let y be j(10). Suppose 3*b = -b + y. What is the remainder when b is divided by 4?
2
Let v(r) = -11*r. Let a = 1 + -2. Suppose -5*u + 8 = -u, 2*w - 4*u = 76. What is the remainder when w is divided by v(a)?
9
Let w = -5 + 14. Suppose -2*u + 116 = 2*f, f - 2*f - 3*u + 54 = 0. Calculate the remainder when w is divided by 2 + ((-8)/(-3))/(40/f).
3
Let a(o) = 2*o**2 + 12*o - 40. What is the remainder when 37 is divided by a(-9)?
9
Suppose -3*b + 3*n + 228 = 0, 4*b + 5*n - 218 - 122 = 0. Let w(z) = -25*z + 2. Calculate the remainder when b is divided by w(-1).
26
Suppose -3*m + 2*q = m - 134, -2*m - q = -61. Let v = -52 + 58. Calculate the remainder when m is divided by v.
2
Suppose 0 = -3*d - 1 + 10. Suppose -d*q - 15 = m - 1, -4*m = -2*q. What is the remainder when 76 is divided by (-2 - -6)*(-13)/m?
24
Let m(h) = 12*h + 15. Let i be m(-25). Calculate the remainder when 54 is divided by 2*2*i/(-60).
16
Let t = 21 - 13. Calculate the remainder when (0 + 8)*(-7 + t) is divided by 5.
3
Suppose 0 = 109*f - 104*f - 65. Calculate the remainder when 103 is divided by f.
12
Suppose -2*z + 4*a - 5*a = -1545, -3*z + 4*a = -2290. Calculate the remainder when z is divided by 6.
2
Let i(d) = 3*d**3 - 3*d**2 - 19*d + 9. What is the remainder when i(7) is divided by 23?
22
Calculate the remainder when 182 is 